{"id":791,"date":"2021-02-24T19:04:12","date_gmt":"2021-02-24T18:04:12","guid":{"rendered":"http:\/\/perkinelmer.cz\/?page_id=791"},"modified":"2021-03-20T12:09:18","modified_gmt":"2021-03-20T11:09:18","slug":"home","status":"publish","type":"page","link":"https:\/\/perkinelmer.cz\/","title":{"rendered":"Home"},"content":{"rendered":"<p>[et_pb_section fb_built=&#8221;1&#8243; fullwidth=&#8221;on&#8221; _builder_version=&#8221;4.9.0&#8243; _module_preset=&#8221;default&#8221; link_option_url_new_window=&#8221;on&#8221;][et_pb_fullwidth_slider use_bg_overlay=&#8221;off&#8221; _builder_version=&#8221;4.9.0&#8243; _module_preset=&#8221;default&#8221; header_font=&#8221;|600|||||||&#8221; background_image=&#8221;http:\/\/perkinelmer.cz\/wp-content\/uploads\/2021\/02\/engineer-4915427_1920.jpg&#8221; min_height=&#8221;991.9px&#8221; auto=&#8221;on&#8221; border_color_all_image=&#8221;#E09900&#8243;][et_pb_slide heading=&#8221;PE Systems&#8221; button_text=&#8221;Chci v\u011bd\u011b v\u00edc&#8221; button_link=&#8221;https:\/\/perkinelmer.cz\/?page_id=797&#8243; use_bg_overlay=&#8221;on&#8221; bg_overlay_color=&#8221;rgba(0,0,0,0.16)&#8221; _builder_version=&#8221;4.9.0&#8243; _module_preset=&#8221;default&#8221; header_level=&#8221;h2&#8243; header_font=&#8221;Poppins|600|||||||&#8221; sticky_transition=&#8221;on&#8221;]<\/p>\n<p>autorizovan\u00fd distributor PerkinElmer<\/p>\n<p>dodavatel \u0161pi\u010dkov\u00e9 laboratorn\u00ed techniky<\/p>\n<p>&nbsp;<\/p>\n<p>[\/et_pb_slide][et_pb_slide heading=&#8221;Covid 19 portfolio&#8221; button_text=&#8221;Chci v\u011bd\u011bt v\u00edc&#8221; button_link=&#8221;https:\/\/perkinelmer-appliedgenomics.com\/home\/sars-cov-2-testing-solutions\/&#8221; url_new_window=&#8221;on&#8221; _builder_version=&#8221;4.9.0&#8243; _module_preset=&#8221;default&#8221; background_image=&#8221;http:\/\/perkinelmer.cz\/wp-content\/uploads\/2021\/03\/virus-4937553_1920.jpg&#8221; background_enable_image=&#8221;on&#8221; link_option_url_new_window=&#8221;on&#8221; sticky_transition=&#8221;on&#8221;]<\/p>\n<p>Your content goes here. Edit or remove this text inline or in the module Content settings. You can also style every aspect of this content in the module Design settings and even apply custom CSS to this text in the module Advanced settings.<\/p>\n<p>[\/et_pb_slide][\/et_pb_fullwidth_slider][\/et_pb_section][et_pb_section fb_built=&#8221;1&#8243; _builder_version=&#8221;4.9.0&#8243; _module_preset=&#8221;default&#8221; background_color=&#8221;#ffffff&#8221;][et_pb_row column_structure=&#8221;1_3,1_3,1_3&#8243; _builder_version=&#8221;4.9.0&#8243; _module_preset=&#8221;default&#8221;][et_pb_column type=&#8221;1_3&#8243; _builder_version=&#8221;4.9.0&#8243; _module_preset=&#8221;default&#8221;][et_pb_blurb title=&#8221;Nov\u00e9 ICP-OES spektrometry Avio 550 Max a Avio 560 Max&#8221; image=&#8221;http:\/\/perkinelmer.cz\/wp-content\/uploads\/2021\/03\/Avio-560-Max-ICP-OES-Right-Elevated-1000&#215;1000-1.jpg&#8221; _builder_version=&#8221;4.9.0&#8243; _module_preset=&#8221;default&#8221; link_option_url=&#8221;https:\/\/perkinelmer.cz\/?p=966&#8243;]<\/p>\n<p><a href=\"http:\/\/perkinelmer.cz\/wp-content\/uploads\/2021\/03\/Avio-560-Max-ICP-OES-Right-Elevated-1000x1000-1.jpg\"><\/a><span>Nov\u00e1 \u0159ada ICP spektrometr\u016f Avio 550 Max a 560 Max kombinuje maxim\u00e1ln\u00ed produktivitu s minim\u00e1ln\u00edmi provozn\u00edmi n\u00e1klady&#8230;<\/span><\/p>\n<p>&nbsp;<\/p>\n<p>[\/et_pb_blurb][\/et_pb_column][et_pb_column type=&#8221;1_3&#8243; _builder_version=&#8221;4.9.0&#8243; _module_preset=&#8221;default&#8221;][et_pb_blurb title=&#8221;Kapalinov\u00fd chromatograf LC 300 UHPLC&#8221; image=&#8221;http:\/\/perkinelmer.cz\/wp-content\/uploads\/2021\/03\/143075_LC300-ExternalOven-and-detectors_700x700.jpg&#8221; _builder_version=&#8221;4.9.0&#8243; _module_preset=&#8221;default&#8221; link_option_url=&#8221;https:\/\/perkinelmer.cz\/?p=320&#8243;]<\/p>\n<p><span>Platforma PerkinElmer LC 300 je modern\u00ed kapalinov\u00fd chromatograf, kter\u00fd nab\u00edz\u00ed a flexibilitu, v\u00fdkon a \u00fa\u010dinnost pot\u0159ebnou k \u0159e\u0161en\u00ed i t\u011bch nejn\u00e1ro\u010dn\u011bj\u0161\u00edch analytick\u00fdch po\u017eadavk\u016f&#8230;<\/span><\/p>\n<p>[\/et_pb_blurb][\/et_pb_column][et_pb_column type=&#8221;1_3&#8243; _builder_version=&#8221;4.9.0&#8243; _module_preset=&#8221;default&#8221;][et_pb_blurb title=&#8221;Nov\u00fd multikvadrup\u00f3lov\u00fd ICP-MS spektrometr NexION 5000&#8243; image=&#8221;http:\/\/perkinelmer.cz\/wp-content\/uploads\/2021\/03\/NexION5000-ICP-MS-RightElevated.png&#8221; _builder_version=&#8221;4.9.0&#8243; _module_preset=&#8221;default&#8221; link_option_url=&#8221;https:\/\/perkinelmer.cz\/?p=975&#8243;]<\/p>\n<p>Nov\u00fd ICP-MS spektrometr NexION 5000 nab\u00edz\u00ed d\u00edky \u0159ad\u011b unik\u00e1tn\u00edch technologi\u00ed maxim\u00e1ln\u00ed analytick\u00e9 mo\u017enosti p\u0159i anal\u00fdze nej\u0161ir\u0161\u00edho spektra vzork\u016f.<span>Kombinace 4 kvadrup\u00f3l\u016f p\u0159in\u00e1\u0161\u00ed mimo\u0159\u00e1dn\u011b n\u00edzk\u00e9 pozad\u00ed (pod 1 ppt) a skv\u011bl\u00e9 detek\u010dn\u00ed limity pro ultrastopovou anal\u00fdzu&#8230;<\/span><\/p>\n<p>[\/et_pb_blurb][\/et_pb_column][\/et_pb_row][\/et_pb_section][et_pb_section fb_built=&#8221;1&#8243; _builder_version=&#8221;4.9.0&#8243; _module_preset=&#8221;default&#8221; background_color=&#8221;#f7f7f7&#8243; link_option_url=&#8221;https:\/\/perkinelmer.cz\/?page_id=906&#8243;][et_pb_row column_structure=&#8221;1_2,1_2&#8243; _builder_version=&#8221;4.9.0&#8243; _module_preset=&#8221;default&#8221; border_width_all=&#8221;1px&#8221; border_color_all=&#8221;#c9c9c9&#8243; box_shadow_style=&#8221;preset1&#8243;][et_pb_column type=&#8221;1_2&#8243; _builder_version=&#8221;4.9.0&#8243; _module_preset=&#8221;default&#8221;][et_pb_text _builder_version=&#8221;4.9.0&#8243; _module_preset=&#8221;default&#8221; header_font=&#8221;|600|||||||&#8221; custom_margin=&#8221;|||10px|false|false&#8221;]<\/p>\n<h1>Analytick\u00e9 p\u0159\u00edstroje<\/h1>\n<p>[\/et_pb_text][et_pb_divider color=&#8221;#0192c6&#8243; divider_weight=&#8221;3px&#8221; _builder_version=&#8221;4.9.0&#8243; _module_preset=&#8221;default&#8221; width=&#8221;22%&#8221; max_width=&#8221;100%&#8221; custom_margin=&#8221;-28px|||10px|false|false&#8221;][\/et_pb_divider][et_pb_text _builder_version=&#8221;4.9.0&#8243; _module_preset=&#8221;default&#8221; custom_margin=&#8221;|||10px|false|false&#8221;]<\/p>\n<p>P\u0159\u00edstroje, spot\u0159ebn\u00ed materi\u00e1l a servisn\u00ed slu\u017eby pro \u0161irokou \u0161k\u00e1lu aplikac\u00ed pro akademick\u00e9 a st\u00e1tn\u00ed laborato\u0159e, kontrolu \u017eivotn\u00edho prost\u0159ed\u00ed, pr\u016fmyslov\u00e9 podniky a farmacii.\u00a0Hlavn\u00ed produktov\u00e9 \u00a0\u0159ady:<\/p>\n<p><strong>Anorganick\u00e1 anal\u00fdza:<\/strong><\/p>\n<ul>\n<li>ICP\/MS a ICP-OES spektrometry<\/li>\n<li>atomov\u00e1 absorpce<\/li>\n<li>mikrovlnn\u00e1 mineralizace<\/li>\n<\/ul>\n<p><strong>Chromatografie:<\/strong><\/p>\n<ul>\n<li>plynov\u00e1 chromatografie<\/li>\n<li>kapalinov\u00e1 chromatografie<\/li>\n<li>hmotnostn\u00ed detekce GC\/MS a LC\/MS<\/li>\n<\/ul>\n<p><strong>Molekul\u00e1rn\u00ed spektrometrie:<\/strong><\/p>\n<ul>\n<li>UV\/VIS a UV\/VIS\/NIR spektrometry<\/li>\n<li>FTIR spektrometry, mikroskopy a imaging<\/li>\n<li>Fluorescence<\/li>\n<\/ul>\n<p><strong>Termick\u00e1 a element\u00e1rn\u00ed anal\u00fdza<\/strong><\/p>\n<p>[\/et_pb_text][\/et_pb_column][et_pb_column type=&#8221;1_2&#8243; _builder_version=&#8221;4.9.0&#8243; _module_preset=&#8221;default&#8221;][et_pb_image src=&#8221;http:\/\/perkinelmer.cz\/wp-content\/uploads\/2021\/03\/NexION5000-ICP-MS-RightElevated.png&#8221; title_text=&#8221;NexION5000-ICP-MS-RightElevated&#8221; _builder_version=&#8221;4.9.0&#8243; _module_preset=&#8221;default&#8221; custom_margin=&#8221;0px||0px|0px|false|false&#8221;][\/et_pb_image][\/et_pb_column][\/et_pb_row][\/et_pb_section][et_pb_section fb_built=&#8221;1&#8243; _builder_version=&#8221;4.9.0&#8243; _module_preset=&#8221;default&#8221; background_color=&#8221;#ffffff&#8221;][et_pb_row column_structure=&#8221;1_2,1_2&#8243; _builder_version=&#8221;4.9.0&#8243; _module_preset=&#8221;default&#8221; border_width_all=&#8221;1px&#8221; border_color_all=&#8221;#bababa&#8221; box_shadow_style=&#8221;preset1&#8243;][et_pb_column type=&#8221;1_2&#8243; _builder_version=&#8221;4.9.0&#8243; _module_preset=&#8221;default&#8221;][et_pb_image src=&#8221;http:\/\/perkinelmer.cz\/wp-content\/uploads\/2021\/03\/1000x1000_Opera_Phenix.jpg&#8221; title_text=&#8221;1000x1000_Opera_Phenix&#8221; _builder_version=&#8221;4.9.0&#8243; _module_preset=&#8221;default&#8221; width=&#8221;100%&#8221; min_height=&#8221;393px&#8221;][\/et_pb_image][\/et_pb_column][et_pb_column type=&#8221;1_2&#8243; _builder_version=&#8221;4.9.0&#8243; _module_preset=&#8221;default&#8221;][et_pb_text _builder_version=&#8221;4.9.0&#8243; _module_preset=&#8221;default&#8221; header_font=&#8221;|600|||||||&#8221;]<\/p>\n<h1>Life sciences<\/h1>\n<p>[\/et_pb_text][et_pb_divider color=&#8221;#0192c6&#8243; divider_weight=&#8221;3px&#8221; _builder_version=&#8221;4.9.0&#8243; _module_preset=&#8221;default&#8221; width=&#8221;18%&#8221; custom_margin=&#8221;-31px||||false|false&#8221;][\/et_pb_divider][et_pb_text _builder_version=&#8221;4.9.0&#8243; _module_preset=&#8221;default&#8221;]<\/p>\n<p>Na\u0161e komplexn\u00ed portfolio technologi\u00ed pom\u00e1h\u00e1 v\u011bdc\u016fm v oblasti biologick\u00fdch v\u011bd l\u00e9pe porozum\u011bt nemocem a pracovat na v\u00fdvoji modern\u00edch l\u00e9k\u016f.\u00a0<span>Hlavn\u00ed produktov\u00e9 \u0159ady:<\/span><\/p>\n<p><strong>Imaging syst\u00e9my:<\/strong><\/p>\n<ul>\n<li><span> Live-cell imaging<\/span><\/li>\n<li><span>High Content Screening<\/span><\/li>\n<li><span>In-vivo imaging<\/span><span><\/span><\/li>\n<\/ul>\n<p><strong>Detek\u010dn\u00ed syst\u00e9my:<\/strong><\/p>\n<ul>\n<li><span>plate readery pro luminscen\u010dn\u00ed i radiometric\u00e9 aplikace<\/span><\/li>\n<li><span>radiometrick\u00e1 detekce<\/span><\/li>\n<\/ul>\n<p><strong>Aplikovan\u00e1 genomika:<\/strong><\/p>\n<p><span><\/span><\/p>\n<ul>\n<li><span>pipetovac\u00ed a robotick\u00e9\u00a0stanic\u0119 pro pr\u00e1ci s kapalinami<\/span><\/li>\n<li><span>automatick\u00e1 izolace DNA\/RNA<\/span><\/li>\n<li><span> mikrofluidn\u00ed anal\u00fdza DNA\/RNA a protein\u016f<\/span><\/li>\n<li><span>NGS\u00a0<\/span>knihovny &#8211; automatizace a kity<\/li>\n<\/ul>\n<p>[\/et_pb_text][\/et_pb_column][\/et_pb_row][\/et_pb_section][et_pb_section fb_built=&#8221;1&#8243; _builder_version=&#8221;4.9.0&#8243; _module_preset=&#8221;default&#8221; background_color=&#8221;#f7f7f7&#8243;][et_pb_row column_structure=&#8221;1_2,1_2&#8243; _builder_version=&#8221;4.9.0&#8243; _module_preset=&#8221;default&#8221;][et_pb_column type=&#8221;1_2&#8243; _builder_version=&#8221;4.9.0&#8243; _module_preset=&#8221;default&#8221;][et_pb_text _builder_version=&#8221;4.9.0&#8243; _module_preset=&#8221;default&#8221; header_font=&#8221;|600|||||||&#8221;]<\/p>\n<h1>Reagencie<\/h1>\n<p>[\/et_pb_text][et_pb_text _builder_version=&#8221;4.9.0&#8243; _module_preset=&#8221;default&#8221; hover_enabled=&#8221;0&#8243; sticky_enabled=&#8221;0&#8243;]<\/p>\n<p>Nab\u00edz\u00edme velice \u0161irok\u00e9 portfolio reagenci\u00ed pro bio-medic\u00ednsk\u00fd v\u00fdzkum v oblastech jako jsou imaging, luminiscen\u010dn\u00ed a radiometrick\u00e1 detekce a aplikovan\u00e1 genomika. Spolu s odpov\u00eddaj\u00edc\u00edm p\u0159\u00edstrojov\u00fdm vybaven\u00edm tak nab\u00edz\u00edme komplexn\u00ed \u0159e\u0161en\u00ed pro \u0159adu v\u00fdzkumn\u00fdch oblast\u00ed.<\/p>\n<p>[\/et_pb_text][et_pb_button button_text=&#8221;V\u00edce informac\u00ed&#8221; _builder_version=&#8221;4.9.0&#8243; _module_preset=&#8221;default&#8221; hover_enabled=&#8221;0&#8243; button_url=&#8221;https:\/\/perkinelmer.cz\/?page_id=910&#8243; sticky_enabled=&#8221;0&#8243;][\/et_pb_button][\/et_pb_column][et_pb_column type=&#8221;1_2&#8243; _builder_version=&#8221;4.9.0&#8243; _module_preset=&#8221;default&#8221;][et_pb_text _builder_version=&#8221;4.9.0&#8243; _module_preset=&#8221;default&#8221; header_font=&#8221;|600|||||||&#8221;]<\/p>\n<h1>Informatika<\/h1>\n<p>[\/et_pb_text][et_pb_text _builder_version=&#8221;4.9.0&#8243; _module_preset=&#8221;default&#8221; hover_enabled=&#8221;0&#8243; sticky_enabled=&#8221;0&#8243;]<\/p>\n<p>Softwarov\u00e9 produkty PerkinElmer Informatics slo\u017e\u00ed k anal\u00fdze a prezentaci laboratorn\u00edch dat a umo\u017e\u0148uj\u00ed p\u0159ij\u00edmat rychlej\u0161\u00ed a kvalifikovan\u011bj\u0161\u00ed rozhodnut\u00ed. Obl\u00edben\u00e9 softwary ChemDraw a ChemOffice maj\u00ed glob\u00e1ln\u011b p\u0159es mili\u00f3n u\u017eivatel\u016f. Velice popul\u00e1rn\u00ed jsou tak\u00e9 cloudov\u00fd ELN Signals Notebook a TIBCO Spotfire pro vizualizaci analytick\u00fdch dat.<\/p>\n<p>[\/et_pb_text][et_pb_button button_url=&#8221;https:\/\/www.perkinelmer.com\/category\/informatics&#8221; button_text=&#8221;V\u00edce informac\u00ed&#8221; _builder_version=&#8221;4.9.0&#8243; _module_preset=&#8221;default&#8221;][\/et_pb_button][\/et_pb_column][\/et_pb_row][\/et_pb_section][et_pb_section fb_built=&#8221;1&#8243; _builder_version=&#8221;4.9.0&#8243; _module_preset=&#8221;default&#8221; background_color=&#8221;#ffffff&#8221;][et_pb_row column_structure=&#8221;1_2,1_2&#8243; _builder_version=&#8221;4.9.0&#8243; _module_preset=&#8221;default&#8221;][et_pb_column type=&#8221;1_2&#8243; _builder_version=&#8221;4.9.0&#8243; _module_preset=&#8221;default&#8221;][et_pb_text _builder_version=&#8221;4.9.0&#8243; _module_preset=&#8221;default&#8221; text_font_size=&#8221;44px&#8221;]<\/p>\n<p><strong>O n\u00e1s<\/strong><\/p>\n<p>[\/et_pb_text][et_pb_divider color=&#8221;#0192c6&#8243; divider_weight=&#8221;3px&#8221; _builder_version=&#8221;4.9.0&#8243; _module_preset=&#8221;default&#8221; width=&#8221;20%&#8221; max_width=&#8221;27%&#8221; min_height=&#8221;18px&#8221; custom_margin=&#8221;|||0px|false|false&#8221; custom_padding=&#8221;||0px|||&#8221;][\/et_pb_divider][et_pb_blurb title=&#8221;Aurizovan\u00fd distributor produkt\u016f PerkinElmer&#8221; use_icon=&#8221;on&#8221; font_icon=&#8221;%%32%%&#8221; icon_color=&#8221;#0192c6&#8243; icon_placement=&#8221;left&#8221; _builder_version=&#8221;4.9.0&#8243; _module_preset=&#8221;default&#8221;]<\/p>\n<p>Od roku 1991 poskytujeme obchodn\u00ed a servisn\u00ed slu\u017eby u\u017eivatel\u016fm produkt\u016f firmy PerkinElmer v oblastech analytick\u00e9 instrumentance, p\u0159\u00edstroj\u016f a reagenci\u00ed pro bio-medic\u00ednu a informatiky.\u00a0<span>Toto portfolio zahrnuje \u0161irokou \u0161k\u00e1lu laboratorn\u00edch produkt\u016f pro v\u011bdeck\u00e9, servisn\u00ed a pr\u016fmyslov\u00e9 laborato\u0159e od farmacie, \u017eivotn\u00edho prost\u0159ed\u00ed, potravin\u00e1\u0159stv\u00ed, chemick\u00fd pr\u016fmysl a\u017e po genomiku a proteomiku.<\/span><\/p>\n<p>[\/et_pb_blurb][et_pb_blurb title=&#8221;ISO 9001 certifikace&#8221; use_icon=&#8221;on&#8221; font_icon=&#8221;%%49%%&#8221; icon_color=&#8221;#0192c6&#8243; icon_placement=&#8221;left&#8221; _builder_version=&#8221;4.9.0&#8243; _module_preset=&#8221;default&#8221;]<\/p>\n<p>Zam\u011b\u0159ujeme se na co nejvy\u0161\u0161\u00ed kvalitu z\u00e1kaznick\u00e9ho servisu. N\u00e1\u0161 syst\u00e9m managementu kvality je certifikov\u00e1n v souladu s aktu\u00e1ln\u00ed normou ISO 9001.<\/p>\n<p>[\/et_pb_blurb][\/et_pb_column][et_pb_column type=&#8221;1_2&#8243; _builder_version=&#8221;4.9.0&#8243; _module_preset=&#8221;default&#8221;][et_pb_image src=&#8221;http:\/\/perkinelmer.cz\/wp-content\/uploads\/2021\/03\/ISO-9001-cert.png&#8221; title_text=&#8221;ISO 9001 cert&#8221; _builder_version=&#8221;4.9.0&#8243; _module_preset=&#8221;default&#8221;][\/et_pb_image][\/et_pb_column][\/et_pb_row][\/et_pb_section][et_pb_section fb_built=&#8221;1&#8243; _builder_version=&#8221;4.9.0&#8243; _module_preset=&#8221;default&#8221; background_color=&#8221;rgba(0,0,0,0.11)&#8221; background_image=&#8221;http:\/\/perkinelmer.cz\/wp-content\/uploads\/2021\/02\/sunrise-1765027_1920.jpg&#8221; background_blend=&#8221;soft-light&#8221; min_height=&#8221;374px&#8221;][et_pb_row _builder_version=&#8221;4.9.0&#8243; _module_preset=&#8221;default&#8221;][et_pb_column type=&#8221;4_4&#8243; _builder_version=&#8221;4.9.0&#8243; _module_preset=&#8221;default&#8221;][et_pb_text _builder_version=&#8221;4.9.0&#8243; _module_preset=&#8221;default&#8221; custom_padding=&#8221;83px||||false|false&#8221;]<\/p>\n<h1 style=\"text-align: center;\"><span style=\"color: #ffffff;\"><strong>Join us in the future<\/strong><\/span><\/h1>\n<p>[\/et_pb_text][\/et_pb_column][\/et_pb_row][\/et_pb_section]<\/p>\n","protected":false},"excerpt":{"rendered":"<p>[et_pb_section fb_built=&#8221;1&#8243; fullwidth=&#8221;on&#8221; _builder_version=&#8221;4.9.0&#8243; _module_preset=&#8221;default&#8221; link_option_url_new_window=&#8221;on&#8221;][et_pb_fullwidth_slider use_bg_overlay=&#8221;off&#8221; _builder_version=&#8221;4.9.0&#8243; _module_preset=&#8221;default&#8221; header_font=&#8221;|600|||||||&#8221; background_image=&#8221;http:\/\/perkinelmer.cz\/wp-content\/uploads\/2021\/02\/engineer-4915427_1920.jpg&#8221; min_height=&#8221;991.9px&#8221; auto=&#8221;on&#8221; border_color_all_image=&#8221;#E09900&#8243;][et_pb_slide heading=&#8221;PE Systems&#8221; button_text=&#8221;Chci v\u011bd\u011b v\u00edc&#8221; button_link=&#8221;https:\/\/perkinelmer.cz\/?page_id=797&#8243; use_bg_overlay=&#8221;on&#8221; bg_overlay_color=&#8221;rgba(0,0,0,0.16)&#8221; _builder_version=&#8221;4.9.0&#8243; _module_preset=&#8221;default&#8221; header_level=&#8221;h2&#8243; header_font=&#8221;Poppins|600|||||||&#8221; sticky_transition=&#8221;on&#8221;] autorizovan\u00fd distributor PerkinElmer dodavatel \u0161pi\u010dkov\u00e9 laboratorn\u00ed techniky &nbsp; [\/et_pb_slide][et_pb_slide heading=&#8221;Covid 19 portfolio&#8221; button_text=&#8221;Chci v\u011bd\u011bt v\u00edc&#8221; button_link=&#8221;https:\/\/perkinelmer-appliedgenomics.com\/home\/sars-cov-2-testing-solutions\/&#8221; url_new_window=&#8221;on&#8221; _builder_version=&#8221;4.9.0&#8243; _module_preset=&#8221;default&#8221; background_image=&#8221;http:\/\/perkinelmer.cz\/wp-content\/uploads\/2021\/03\/virus-4937553_1920.jpg&#8221; background_enable_image=&#8221;on&#8221; link_option_url_new_window=&#8221;on&#8221; sticky_transition=&#8221;on&#8221;] Your content goes here. Edit [&hellip;]<\/p>\n","protected":false},"author":1,"featured_media":0,"parent":0,"menu_order":0,"comment_status":"closed","ping_status":"closed","template":"","meta":{"_et_pb_use_builder":"on","_et_pb_old_content":"","_et_gb_content_width":"","footnotes":""},"class_list":["post-791","page","type-page","status-publish","hentry"],"_links":{"self":[{"href":"https:\/\/perkinelmer.cz\/index.php?rest_route=\/wp\/v2\/pages\/791","targetHints":{"allow":["GET"]}}],"collection":[{"href":"https:\/\/perkinelmer.cz\/index.php?rest_route=\/wp\/v2\/pages"}],"about":[{"href":"https:\/\/perkinelmer.cz\/index.php?rest_route=\/wp\/v2\/types\/page"}],"author":[{"embeddable":true,"href":"https:\/\/perkinelmer.cz\/index.php?rest_route=\/wp\/v2\/users\/1"}],"replies":[{"embeddable":true,"href":"https:\/\/perkinelmer.cz\/index.php?rest_route=%2Fwp%2Fv2%2Fcomments&post=791"}],"version-history":[{"count":47,"href":"https:\/\/perkinelmer.cz\/index.php?rest_route=\/wp\/v2\/pages\/791\/revisions"}],"predecessor-version":[{"id":1260,"href":"https:\/\/perkinelmer.cz\/index.php?rest_route=\/wp\/v2\/pages\/791\/revisions\/1260"}],"wp:attachment":[{"href":"https:\/\/perkinelmer.cz\/index.php?rest_route=%2Fwp%2Fv2%2Fmedia&parent=791"}],"curies":[{"name":"wp","href":"https:\/\/api.w.org\/{rel}","templated":true}]}}